{"id":187,"date":"2023-05-03T12:06:56","date_gmt":"2023-05-03T12:06:56","guid":{"rendered":"https:\/\/sv95ballstedt.de\/?page_id=187"},"modified":"2023-05-03T12:10:05","modified_gmt":"2023-05-03T12:10:05","slug":"bogenschiessen","status":"publish","type":"page","link":"https:\/\/sv95ballstedt.de\/?page_id=187","title":{"rendered":"Bogenschie\u00dfen"},"content":{"rendered":"\n<figure class=\"wp-block-image size-large is-resized\"><img loading=\"lazy\" decoding=\"async\" src=\"https:\/\/sv95ballstedt.de\/wp-content\/uploads\/2023\/04\/PXL_20230312_112754112.MP2_-1024x771.jpg\" alt=\"\" class=\"wp-image-118\" width=\"425\" height=\"320\" srcset=\"https:\/\/sv95ballstedt.de\/wp-content\/uploads\/2023\/04\/PXL_20230312_112754112.MP2_-1024x771.jpg 1024w, https:\/\/sv95ballstedt.de\/wp-content\/uploads\/2023\/04\/PXL_20230312_112754112.MP2_-300x226.jpg 300w, https:\/\/sv95ballstedt.de\/wp-content\/uploads\/2023\/04\/PXL_20230312_112754112.MP2_-768x578.jpg 768w, https:\/\/sv95ballstedt.de\/wp-content\/uploads\/2023\/04\/PXL_20230312_112754112.MP2_-1536x1157.jpg 1536w, https:\/\/sv95ballstedt.de\/wp-content\/uploads\/2023\/04\/PXL_20230312_112754112.MP2_-2048x1542.jpg 2048w\" sizes=\"(max-width: 425px) 100vw, 425px\" \/><\/figure>\n\n\n\n<p>Ein Angebot f\u00fcr Jung und Alt, Erfahrende und Neulinge.<\/p>\n\n\n\n<p>Wir bieten Sonntags um 11 Uhr Bogenschie\u00dfen im hinteren Teil des Vereinsgrundst\u00fcck an.<\/p>\n\n\n\n<p>Es wird auf eine Zielscheibe geschossen, welche \u00fcber mehrere Heuballen gespannt ist. <\/p>\n\n\n\n<p>Der Abstand zur Zielscheibe kann zwischen 10 m, 15 m und 20 m betragen und ist selbst zu w\u00e4hlen. Bei mehreren Teilnehmern sollten diese Abst\u00e4nde aus Sicherheitsgr\u00fcnden aneinander angepasst werden. <\/p>\n\n\n\n<p>Wir bitten um Respekt und Vorsicht bei diesem Sport. Den folgenden Regeln ist ausnahmslos Folge zu leisten.<\/p>\n\n\n\n<p>Regeln:<\/p>\n\n\n\n<ul>\n<li>die Aufsicht von j\u00fcngeren und\/oder neueren Mitgliedern erfolgt durch die Eltern um die Sicherheit aller Beteiligten zu gew\u00e4hrleisten<\/li>\n\n\n\n<li>die Schussbahn ist stets frei zu halten<\/li>\n\n\n\n<li>das Zielen mit gespanntem Bogen auf andere Lebewesen ist strikt untersagt<\/li>\n<\/ul>\n\n\n\n<p>Der Missachtung dieser Regeln folgen Warnungen und\/oder bestimmter oder kompletter Austritt aus diesem Vereinsangebot.<\/p>\n","protected":false},"excerpt":{"rendered":"<p>Ein Angebot f\u00fcr Jung und Alt, Erfahrende und Neulinge. Wir bieten Sonntags um 11 Uhr Bogenschie\u00dfen im hinteren Teil des Vereinsgrundst\u00fcck an. Es wird auf eine Zielscheibe geschossen, welche \u00fcber [&hellip;]<\/p>\n","protected":false},"author":1,"featured_media":0,"parent":100,"menu_order":0,"comment_status":"closed","ping_status":"closed","template":"","meta":{"site-sidebar-layout":"default","site-content-layout":"","ast-site-content-layout":"default","site-content-style":"default","site-sidebar-style":"default","ast-global-header-display":"","ast-banner-title-visibility":"","ast-main-header-display":"","ast-hfb-above-header-display":"","ast-hfb-below-header-display":"","ast-hfb-mobile-header-display":"","site-post-title":"","ast-breadcrumbs-content":"","ast-featured-img":"","footer-sml-layout":"","ast-disable-related-posts":"","theme-transparent-header-meta":"","adv-header-id-meta":"","stick-header-meta":"","header-above-stick-meta":"","header-main-stick-meta":"","header-below-stick-meta":"","astra-migrate-meta-layouts":"default","ast-page-background-enabled":"default","ast-page-background-meta":{"desktop":{"background-color":"var(--ast-global-color-4)","background-image":"","background-repeat":"repeat","background-position":"center center","background-size":"auto","background-attachment":"scroll","background-type":"","background-media":"","overlay-type":"","overlay-color":"","overlay-opacity":"","overlay-gradient":""},"tablet":{"background-color":"","background-image":"","background-repeat":"repeat","background-position":"center center","background-size":"auto","background-attachment":"scroll","background-type":"","background-media":"","overlay-type":"","overlay-color":"","overlay-opacity":"","overlay-gradient":""},"mobile":{"background-color":"","background-image":"","background-repeat":"repeat","background-position":"center center","background-size":"auto","background-attachment":"scroll","background-type":"","background-media":"","overlay-type":"","overlay-color":"","overlay-opacity":"","overlay-gradient":""}},"ast-content-background-meta":{"desktop":{"background-color":"var(--ast-global-color-5)","background-image":"","background-repeat":"repeat","background-position":"center center","background-size":"auto","background-attachment":"scroll","background-type":"","background-media":"","overlay-type":"","overlay-color":"","overlay-opacity":"","overlay-gradient":""},"tablet":{"background-color":"var(--ast-global-color-5)","background-image":"","background-repeat":"repeat","background-position":"center center","background-size":"auto","background-attachment":"scroll","background-type":"","background-media":"","overlay-type":"","overlay-color":"","overlay-opacity":"","overlay-gradient":""},"mobile":{"background-color":"var(--ast-global-color-5)","background-image":"","background-repeat":"repeat","background-position":"center center","background-size":"auto","background-attachment":"scroll","background-type":"","background-media":"","overlay-type":"","overlay-color":"","overlay-opacity":"","overlay-gradient":""}},"footnotes":""},"_links":{"self":[{"href":"https:\/\/sv95ballstedt.de\/index.php?rest_route=\/wp\/v2\/pages\/187"}],"collection":[{"href":"https:\/\/sv95ballstedt.de\/index.php?rest_route=\/wp\/v2\/pages"}],"about":[{"href":"https:\/\/sv95ballstedt.de\/index.php?rest_route=\/wp\/v2\/types\/page"}],"author":[{"embeddable":true,"href":"https:\/\/sv95ballstedt.de\/index.php?rest_route=\/wp\/v2\/users\/1"}],"replies":[{"embeddable":true,"href":"https:\/\/sv95ballstedt.de\/index.php?rest_route=%2Fwp%2Fv2%2Fcomments&post=187"}],"version-history":[{"count":2,"href":"https:\/\/sv95ballstedt.de\/index.php?rest_route=\/wp\/v2\/pages\/187\/revisions"}],"predecessor-version":[{"id":189,"href":"https:\/\/sv95ballstedt.de\/index.php?rest_route=\/wp\/v2\/pages\/187\/revisions\/189"}],"up":[{"embeddable":true,"href":"https:\/\/sv95ballstedt.de\/index.php?rest_route=\/wp\/v2\/pages\/100"}],"wp:attachment":[{"href":"https:\/\/sv95ballstedt.de\/index.php?rest_route=%2Fwp%2Fv2%2Fmedia&parent=187"}],"curies":[{"name":"wp","href":"https:\/\/api.w.org\/{rel}","templated":true}]}}