{"id":127,"date":"2023-05-03T09:28:56","date_gmt":"2023-05-03T09:28:56","guid":{"rendered":"https:\/\/sv95ballstedt.de\/?page_id=127"},"modified":"2025-02-21T16:16:10","modified_gmt":"2025-02-21T16:16:10","slug":"aktuelles","status":"publish","type":"page","link":"https:\/\/sv95ballstedt.de\/","title":{"rendered":"Aktuelles"},"content":{"rendered":"\n<p>Nichts mehr anzuziehen? Im <a rel=\"noreferrer noopener\" href=\"https:\/\/team.jako.de\/de\/team\/sv_95_ballstedt\/\" target=\"_blank\">Teamshop<\/a> findest du Nachschub!<\/p>\n\n\n\n<hr class=\"wp-block-separator has-alpha-channel-opacity\"\/>\n\n\n<ul class=\"wp-block-latest-posts__list is-grid columns-3 has-author wp-block-latest-posts\"><li><div class=\"wp-block-latest-posts__featured-image\"><a href=\"https:\/\/sv95ballstedt.de\/?p=311\" aria-label=\"2 Pokale f\u00fcr unsere Spielgemeinschaft!\"><img loading=\"lazy\" decoding=\"async\" width=\"150\" height=\"150\" src=\"https:\/\/sv95ballstedt.de\/wp-content\/uploads\/2025\/01\/2025-01-26_HKM-01-square-150x150.jpg\" class=\"attachment-thumbnail size-thumbnail wp-post-image\" alt=\"\" style=\"\" srcset=\"https:\/\/sv95ballstedt.de\/wp-content\/uploads\/2025\/01\/2025-01-26_HKM-01-square-150x150.jpg 150w, https:\/\/sv95ballstedt.de\/wp-content\/uploads\/2025\/01\/2025-01-26_HKM-01-square.jpg 200w\" sizes=\"(max-width: 150px) 100vw, 150px\" \/><\/a><\/div><a class=\"wp-block-latest-posts__post-title\" href=\"https:\/\/sv95ballstedt.de\/?p=311\">2 Pokale f\u00fcr unsere Spielgemeinschaft!<\/a><div class=\"wp-block-latest-posts__post-author\">von SV 95 Ballstedt Nachwuchs<\/div><div class=\"wp-block-latest-posts__post-excerpt\">Nachdem sich beide Teams unserer D- Junioren erfolgreich durch die Vor- und Zwischenrundenturniere gespielt hatten, war es am Sonntag, den 26.01.2025 so weit. Es ging gemeinsam zum Finalturnier der Hallenkreismeisterschaft nach Rudolstadt. Das bedeutete erst einmal fr\u00fch aufstehen, weil das Turnier bereits 9 Uhr begann. Wir teilten uns eine Kabine und es waren sogar fast\u00a0\u2026 <a href=\"https:\/\/sv95ballstedt.de\/?p=311\" rel=\"noopener noreferrer\">Weiterlesen<span class=\"screen-reader-text\">: 2 Pokale f\u00fcr unsere Spielgemeinschaft!<\/span><\/a><\/div><\/li>\n<li><div class=\"wp-block-latest-posts__featured-image\"><a href=\"https:\/\/sv95ballstedt.de\/?p=303\" aria-label=\"Erfolgreicher Sonntag!!!\"><img loading=\"lazy\" decoding=\"async\" width=\"150\" height=\"150\" src=\"https:\/\/sv95ballstedt.de\/wp-content\/uploads\/2025\/01\/2025-01-19_Wintercup_square-2-150x150.jpg\" class=\"attachment-thumbnail size-thumbnail wp-post-image\" alt=\"\" style=\"\" srcset=\"https:\/\/sv95ballstedt.de\/wp-content\/uploads\/2025\/01\/2025-01-19_Wintercup_square-2-150x150.jpg 150w, https:\/\/sv95ballstedt.de\/wp-content\/uploads\/2025\/01\/2025-01-19_Wintercup_square-2.jpg 200w\" sizes=\"(max-width: 150px) 100vw, 150px\" \/><\/a><\/div><a class=\"wp-block-latest-posts__post-title\" href=\"https:\/\/sv95ballstedt.de\/?p=303\">Erfolgreicher Sonntag!!!<\/a><div class=\"wp-block-latest-posts__post-author\">von SV 95 Ballstedt Nachwuchs<\/div><div class=\"wp-block-latest-posts__post-excerpt\">Am 19.01.2025 standen gleich 2 Turniere in unserem Kalender. Durch eine f\u00fcr uns ung\u00fcnstige Auslosung mussten wir am Morgen nach Kranichfeld zur Zwischenrunde der Hallenkreismeisterschaft. Da wir aber bereits beim Wintercup am Nachmittag in S\u00f6mmerda angemeldet waren, mussten wir uns entscheiden. Absagen, oder beide Turniere spielen? DieMannschaft war sich schnell einig, dass sie bei beiden\u00a0\u2026 <a href=\"https:\/\/sv95ballstedt.de\/?p=303\" rel=\"noopener noreferrer\">Weiterlesen<span class=\"screen-reader-text\">: Erfolgreicher Sonntag!!!<\/span><\/a><\/div><\/li>\n<li><div class=\"wp-block-latest-posts__featured-image\"><a href=\"https:\/\/sv95ballstedt.de\/?p=290\" aria-label=\"Toller Start ins neue Jahr!\"><img loading=\"lazy\" decoding=\"async\" width=\"150\" height=\"150\" src=\"https:\/\/sv95ballstedt.de\/wp-content\/uploads\/2024\/08\/2025-01-Neujahrscup_square-150x150.png\" class=\"attachment-thumbnail size-thumbnail wp-post-image\" alt=\"D-Junioren siegen in beim Neujahrscup in Erfurt\" style=\"\" srcset=\"https:\/\/sv95ballstedt.de\/wp-content\/uploads\/2024\/08\/2025-01-Neujahrscup_square-150x150.png 150w, https:\/\/sv95ballstedt.de\/wp-content\/uploads\/2024\/08\/2025-01-Neujahrscup_square.png 200w\" sizes=\"(max-width: 150px) 100vw, 150px\" \/><\/a><\/div><a class=\"wp-block-latest-posts__post-title\" href=\"https:\/\/sv95ballstedt.de\/?p=290\">Toller Start ins neue Jahr!<\/a><div class=\"wp-block-latest-posts__post-author\">von SV 95 Ballstedt Nachwuchs<\/div><div class=\"wp-block-latest-posts__post-excerpt\">Platz 1 f\u00fcr unsere D- Junioren beim \u201eEintracht Erfurt- Neujahrscup\u201c Vergangenen Sonntag folgten wir der Einladung zum Neujahrscup der SpVgg Eintracht Erfurt in die Riethsporthalle. Nach den Ferien und der Trainingspause wollten alle endlich wieder spielen. Zum Gl\u00fcck hatten unsere Jungs nichts verlernt und konnten gleich das erste Spiel gegen Stotternheim mit 6:0 gewinnen. Auch\u00a0\u2026 <a href=\"https:\/\/sv95ballstedt.de\/?p=290\" rel=\"noopener noreferrer\">Weiterlesen<span class=\"screen-reader-text\">: Toller Start ins neue Jahr!<\/span><\/a><\/div><\/li>\n<li><div class=\"wp-block-latest-posts__featured-image\"><a href=\"https:\/\/sv95ballstedt.de\/?p=279\" aria-label=\"Turniersieg f\u00fcr unsere D- Junioren\"><img loading=\"lazy\" decoding=\"async\" width=\"150\" height=\"150\" src=\"https:\/\/sv95ballstedt.de\/wp-content\/uploads\/2024\/08\/2024-08-legefeld-square-150x150.png\" class=\"attachment-thumbnail size-thumbnail wp-post-image\" alt=\"D-Junioren siegen in beim Vereinsturnier in Legefeld\" style=\"\" srcset=\"https:\/\/sv95ballstedt.de\/wp-content\/uploads\/2024\/08\/2024-08-legefeld-square-150x150.png 150w, https:\/\/sv95ballstedt.de\/wp-content\/uploads\/2024\/08\/2024-08-legefeld-square.png 200w\" sizes=\"(max-width: 150px) 100vw, 150px\" \/><\/a><\/div><a class=\"wp-block-latest-posts__post-title\" href=\"https:\/\/sv95ballstedt.de\/?p=279\">Turniersieg f\u00fcr unsere D- Junioren<\/a><div class=\"wp-block-latest-posts__post-author\">von SV 95 Ballstedt Nachwuchs<\/div><div class=\"wp-block-latest-posts__post-excerpt\">Am Sonntag den 11.08.24 folgten wir einer Einladung zum Vereinsturnier beim SV Einheit Legefeld. Bei sommerlichen Temperaturen traten 7 Mannschaften in 2 Gruppen an. In unserer Gruppe trafen wir auf Empor Weimar, Gaberndorf und den Gastgeber. Empor und Legefeld schlugen wir 2:0 und gegen Gaberndorf siegten wir mit 3:1. Im Halbfinale trafen wir auf Bad\u00a0\u2026 <a href=\"https:\/\/sv95ballstedt.de\/?p=279\" rel=\"noopener noreferrer\">Weiterlesen<span class=\"screen-reader-text\">: Turniersieg f\u00fcr unsere D- Junioren<\/span><\/a><\/div><\/li>\n<li><div class=\"wp-block-latest-posts__featured-image\"><a href=\"https:\/\/sv95ballstedt.de\/?p=233\" aria-label=\"D- Junioren siegen beim \u201eRapid Wintercup\u201c in S\u00f6mmerda\"><img loading=\"lazy\" decoding=\"async\" width=\"150\" height=\"150\" src=\"https:\/\/sv95ballstedt.de\/wp-content\/uploads\/2024\/01\/IMG_20240113_182301-150x150.jpg\" class=\"attachment-thumbnail size-thumbnail wp-post-image\" alt=\"D- Junioren siegen beim \u201eRapid Wintercup\u201c in S\u00f6mmerda\" style=\"\" \/><\/a><\/div><a class=\"wp-block-latest-posts__post-title\" href=\"https:\/\/sv95ballstedt.de\/?p=233\">D- Junioren siegen beim \u201eRapid Wintercup\u201c in S\u00f6mmerda<\/a><div class=\"wp-block-latest-posts__post-author\">von Admin<\/div><div class=\"wp-block-latest-posts__post-excerpt\">Am 13.01.2024 waren unsere D- Junioren zum \u201eRapid Wintercup\u201c beim FSV S\u00f6mmerda eingeladen. In der sch\u00f6nen Unstruthalle k\u00e4mpften gleich 10 Mannschaften um den Sieg. In unserer Gruppe traten wir gegen SV09 Arnstadt (0:0), FSV Zottelstedt (3:0), Motor Gispersleben (1:0) und Erfurt Nord (1:0) an. Das bedeutete den Gruppensieg ohne Gegentor. Alle Jungs waren ziemlich aufgeregt\u00a0\u2026 <a href=\"https:\/\/sv95ballstedt.de\/?p=233\" rel=\"noopener noreferrer\">Weiterlesen<span class=\"screen-reader-text\">: D- Junioren siegen beim \u201eRapid Wintercup\u201c in S\u00f6mmerda<\/span><\/a><\/div><\/li>\n<\/ul>\n\n\n<hr class=\"wp-block-separator has-alpha-channel-opacity\"\/>\n\n\n\t\t<div id=\"instagram-gallery-feed-0\" class=\"instagram-gallery-feed\" data-feed=\"{&quot;id&quot;:0,&quot;account_id&quot;:&quot;9227542793988727&quot;,&quot;source&quot;:&quot;username&quot;,&quot;tag&quot;:&quot;wordpress&quot;,&quot;order_by&quot;:&quot;top_media&quot;,&quot;layout&quot;:&quot;gallery&quot;,&quot;limit&quot;:12,&quot;columns&quot;:3,&quot;spacing&quot;:10,&quot;lazy&quot;:false,&quot;responsive&quot;:{&quot;desktop&quot;:{&quot;columns&quot;:3,&quot;spacing&quot;:10},&quot;tablet&quot;:{&quot;columns&quot;:2,&quot;spacing&quot;:8},&quot;mobile&quot;:{&quot;columns&quot;:1,&quot;spacing&quot;:6},&quot;breakpoints&quot;:{&quot;tablet&quot;:768,&quot;mobile&quot;:480}},&quot;aspect_ratio&quot;:{&quot;width&quot;:1,&quot;height&quot;:1},&quot;highlight&quot;:{&quot;tag&quot;:&quot;&quot;,&quot;id&quot;:&quot;&quot;,&quot;position&quot;:&quot;1,3,5&quot;},&quot;reel&quot;:{&quot;hide&quot;:false},&quot;copyright&quot;:{&quot;hide&quot;:false,&quot;placeholder&quot;:&quot;&quot;},&quot;profile&quot;:{&quot;display&quot;:false,&quot;username&quot;:&quot;&quot;,&quot;nickname&quot;:&quot;&quot;,&quot;website&quot;:&quot;&quot;,&quot;biography&quot;:&quot;&quot;,&quot;link_text&quot;:&quot;Follow&quot;,&quot;website_text&quot;:&quot;Website&quot;,&quot;avatar&quot;:&quot;&quot;},&quot;box&quot;:{&quot;display&quot;:false,&quot;padding&quot;:1,&quot;radius&quot;:0,&quot;background&quot;:&quot;#fefefe&quot;,&quot;profile&quot;:false,&quot;desc&quot;:&quot;&quot;,&quot;text_color&quot;:&quot;#000000&quot;},&quot;mask&quot;:{&quot;display&quot;:true,&quot;background&quot;:&quot;#000000&quot;,&quot;icon_color&quot;:&quot;#ffffff&quot;,&quot;likes_count&quot;:true,&quot;comments_count&quot;:true},&quot;card&quot;:{&quot;display&quot;:false,&quot;radius&quot;:1,&quot;font_size&quot;:12,&quot;background&quot;:&quot;#ffffff&quot;,&quot;background_hover&quot;:&quot;&quot;,&quot;text_color&quot;:&quot;#000000&quot;,&quot;padding&quot;:5,&quot;likes_count&quot;:true,&quot;text_length&quot;:10,&quot;comments_count&quot;:true,&quot;text_align&quot;:&quot;left&quot;},&quot;carousel&quot;:{&quot;centered_slides&quot;:false,&quot;autoplay&quot;:false,&quot;autoplay_interval&quot;:3000,&quot;navarrows&quot;:true,&quot;navarrows_color&quot;:&quot;&quot;,&quot;pagination&quot;:true,&quot;pagination_color&quot;:&quot;&quot;},&quot;modal&quot;:{&quot;display&quot;:true,&quot;profile&quot;:true,&quot;media_description&quot;:true,&quot;likes_count&quot;:true,&quot;comments_count&quot;:true,&quot;comments_list&quot;:false,&quot;text_align&quot;:&quot;left&quot;,&quot;modal_align&quot;:&quot;right&quot;,&quot;text_length&quot;:10000,&quot;font_size&quot;:12},&quot;button&quot;:{&quot;display&quot;:true,&quot;text&quot;:&quot;View on Instagram&quot;,&quot;text_color&quot;:&quot;#ffff&quot;,&quot;background&quot;:&quot;&quot;,&quot;background_hover&quot;:&quot;&quot;},&quot;button_load&quot;:{&quot;display&quot;:false,&quot;text&quot;:&quot;Load more...&quot;,&quot;text_color&quot;:&quot;#ffff&quot;,&quot;background&quot;:&quot;&quot;,&quot;background_hover&quot;:&quot;&quot;}}\">\n\t\t<!-- <FeedContainer\/> -->\n\t\t<\/div>\n\t\t\n","protected":false},"excerpt":{"rendered":"<p>Nichts mehr anzuziehen? Im Teamshop findest du Nachschub!<\/p>\n","protected":false},"author":1,"featured_media":0,"parent":0,"menu_order":1,"comment_status":"closed","ping_status":"closed","template":"","meta":{"site-sidebar-layout":"default","site-content-layout":"","ast-site-content-layout":"default","site-content-style":"default","site-sidebar-style":"default","ast-global-header-display":"","ast-banner-title-visibility":"","ast-main-header-display":"","ast-hfb-above-header-display":"","ast-hfb-below-header-display":"","ast-hfb-mobile-header-display":"","site-post-title":"","ast-breadcrumbs-content":"","ast-featured-img":"","footer-sml-layout":"","ast-disable-related-posts":"","theme-transparent-header-meta":"","adv-header-id-meta":"","stick-header-meta":"","header-above-stick-meta":"","header-main-stick-meta":"","header-below-stick-meta":"","astra-migrate-meta-layouts":"set","ast-page-background-enabled":"default","ast-page-background-meta":{"desktop":{"background-color":"var(--ast-global-color-4)","background-image":"","background-repeat":"repeat","background-position":"center center","background-size":"auto","background-attachment":"scroll","background-type":"","background-media":"","overlay-type":"","overlay-color":"","overlay-opacity":"","overlay-gradient":""},"tablet":{"background-color":"","background-image":"","background-repeat":"repeat","background-position":"center center","background-size":"auto","background-attachment":"scroll","background-type":"","background-media":"","overlay-type":"","overlay-color":"","overlay-opacity":"","overlay-gradient":""},"mobile":{"background-color":"","background-image":"","background-repeat":"repeat","background-position":"center center","background-size":"auto","background-attachment":"scroll","background-type":"","background-media":"","overlay-type":"","overlay-color":"","overlay-opacity":"","overlay-gradient":""}},"ast-content-background-meta":{"desktop":{"background-color":"var(--ast-global-color-5)","background-image":"","background-repeat":"repeat","background-position":"center center","background-size":"auto","background-attachment":"scroll","background-type":"","background-media":"","overlay-type":"","overlay-color":"","overlay-opacity":"","overlay-gradient":""},"tablet":{"background-color":"var(--ast-global-color-5)","background-image":"","background-repeat":"repeat","background-position":"center center","background-size":"auto","background-attachment":"scroll","background-type":"","background-media":"","overlay-type":"","overlay-color":"","overlay-opacity":"","overlay-gradient":""},"mobile":{"background-color":"var(--ast-global-color-5)","background-image":"","background-repeat":"repeat","background-position":"center center","background-size":"auto","background-attachment":"scroll","background-type":"","background-media":"","overlay-type":"","overlay-color":"","overlay-opacity":"","overlay-gradient":""}},"footnotes":""},"_links":{"self":[{"href":"https:\/\/sv95ballstedt.de\/index.php?rest_route=\/wp\/v2\/pages\/127"}],"collection":[{"href":"https:\/\/sv95ballstedt.de\/index.php?rest_route=\/wp\/v2\/pages"}],"about":[{"href":"https:\/\/sv95ballstedt.de\/index.php?rest_route=\/wp\/v2\/types\/page"}],"author":[{"embeddable":true,"href":"https:\/\/sv95ballstedt.de\/index.php?rest_route=\/wp\/v2\/users\/1"}],"replies":[{"embeddable":true,"href":"https:\/\/sv95ballstedt.de\/index.php?rest_route=%2Fwp%2Fv2%2Fcomments&post=127"}],"version-history":[{"count":24,"href":"https:\/\/sv95ballstedt.de\/index.php?rest_route=\/wp\/v2\/pages\/127\/revisions"}],"predecessor-version":[{"id":339,"href":"https:\/\/sv95ballstedt.de\/index.php?rest_route=\/wp\/v2\/pages\/127\/revisions\/339"}],"wp:attachment":[{"href":"https:\/\/sv95ballstedt.de\/index.php?rest_route=%2Fwp%2Fv2%2Fmedia&parent=127"}],"curies":[{"name":"wp","href":"https:\/\/api.w.org\/{rel}","templated":true}]}}