{"id":100,"date":"2023-04-26T17:56:01","date_gmt":"2023-04-26T17:56:01","guid":{"rendered":"https:\/\/sv95ballstedt.de\/?page_id=100"},"modified":"2023-05-03T12:21:38","modified_gmt":"2023-05-03T12:21:38","slug":"unsere-angebote","status":"publish","type":"page","link":"https:\/\/sv95ballstedt.de\/?page_id=100","title":{"rendered":"Unsere Angebote"},"content":{"rendered":"\n<p><a href=\"https:\/\/sv95ballstedt.de\/?page_id=187\" data-type=\"page\" data-id=\"187\"><strong>Bogenschie\u00dfen<\/strong><\/a><br>Ein Angebot f\u00fcr Jung und Alt, Erfahrene und Neulinge <\/p>\n\n\n\n<p><a href=\"https:\/\/sv95ballstedt.de\/?page_id=129\" data-type=\"page\" data-id=\"129\"><strong>Fu\u00dfball<\/strong><\/a><br>Ein Sport f\u00fcr unseren j\u00fcngeren Mitglieder. Es werden Spiele organisiert mit und gegen andere Vereine in der N\u00e4he.  <br>Wir bitten um das Respektvolle miteinander unter den Teams und den anderen Vereinen.<\/p>\n\n\n\n<p><strong>Tischtennis <\/strong><br>Ein Angebot f\u00fcr Jung und Alt. <\/p>\n\n\n\n<p><strong>Tanzen<\/strong><br>Ein Angebot f\u00fcr alle Altersgruppen. <\/p>\n\n\n\n<p><strong>Frauensport<\/strong> <br>Ein Angebot f\u00fcr alle Altersgruppen<\/p>\n\n\n\n<p>Weitere Informationen gibt es in den entsprechenden Vereinsgruppe-Chats auf WhatsApp.<\/p>\n","protected":false},"excerpt":{"rendered":"<p>Bogenschie\u00dfenEin Angebot f\u00fcr Jung und Alt, Erfahrene und Neulinge Fu\u00dfballEin Sport f\u00fcr unseren j\u00fcngeren Mitglieder. Es werden Spiele organisiert mit und gegen andere Vereine in der N\u00e4he. Wir bitten um [&hellip;]<\/p>\n","protected":false},"author":1,"featured_media":0,"parent":0,"menu_order":3,"comment_status":"closed","ping_status":"closed","template":"","meta":{"site-sidebar-layout":"default","site-content-layout":"","ast-site-content-layout":"default","site-content-style":"default","site-sidebar-style":"default","ast-global-header-display":"","ast-banner-title-visibility":"","ast-main-header-display":"","ast-hfb-above-header-display":"","ast-hfb-below-header-display":"","ast-hfb-mobile-header-display":"","site-post-title":"","ast-breadcrumbs-content":"","ast-featured-img":"","footer-sml-layout":"","ast-disable-related-posts":"","theme-transparent-header-meta":"","adv-header-id-meta":"","stick-header-meta":"","header-above-stick-meta":"","header-main-stick-meta":"","header-below-stick-meta":"","astra-migrate-meta-layouts":"default","ast-page-background-enabled":"default","ast-page-background-meta":{"desktop":{"background-color":"var(--ast-global-color-4)","background-image":"","background-repeat":"repeat","background-position":"center center","background-size":"auto","background-attachment":"scroll","background-type":"","background-media":"","overlay-type":"","overlay-color":"","overlay-opacity":"","overlay-gradient":""},"tablet":{"background-color":"","background-image":"","background-repeat":"repeat","background-position":"center center","background-size":"auto","background-attachment":"scroll","background-type":"","background-media":"","overlay-type":"","overlay-color":"","overlay-opacity":"","overlay-gradient":""},"mobile":{"background-color":"","background-image":"","background-repeat":"repeat","background-position":"center center","background-size":"auto","background-attachment":"scroll","background-type":"","background-media":"","overlay-type":"","overlay-color":"","overlay-opacity":"","overlay-gradient":""}},"ast-content-background-meta":{"desktop":{"background-color":"var(--ast-global-color-5)","background-image":"","background-repeat":"repeat","background-position":"center center","background-size":"auto","background-attachment":"scroll","background-type":"","background-media":"","overlay-type":"","overlay-color":"","overlay-opacity":"","overlay-gradient":""},"tablet":{"background-color":"var(--ast-global-color-5)","background-image":"","background-repeat":"repeat","background-position":"center center","background-size":"auto","background-attachment":"scroll","background-type":"","background-media":"","overlay-type":"","overlay-color":"","overlay-opacity":"","overlay-gradient":""},"mobile":{"background-color":"var(--ast-global-color-5)","background-image":"","background-repeat":"repeat","background-position":"center center","background-size":"auto","background-attachment":"scroll","background-type":"","background-media":"","overlay-type":"","overlay-color":"","overlay-opacity":"","overlay-gradient":""}},"footnotes":""},"_links":{"self":[{"href":"https:\/\/sv95ballstedt.de\/index.php?rest_route=\/wp\/v2\/pages\/100"}],"collection":[{"href":"https:\/\/sv95ballstedt.de\/index.php?rest_route=\/wp\/v2\/pages"}],"about":[{"href":"https:\/\/sv95ballstedt.de\/index.php?rest_route=\/wp\/v2\/types\/page"}],"author":[{"embeddable":true,"href":"https:\/\/sv95ballstedt.de\/index.php?rest_route=\/wp\/v2\/users\/1"}],"replies":[{"embeddable":true,"href":"https:\/\/sv95ballstedt.de\/index.php?rest_route=%2Fwp%2Fv2%2Fcomments&post=100"}],"version-history":[{"count":7,"href":"https:\/\/sv95ballstedt.de\/index.php?rest_route=\/wp\/v2\/pages\/100\/revisions"}],"predecessor-version":[{"id":196,"href":"https:\/\/sv95ballstedt.de\/index.php?rest_route=\/wp\/v2\/pages\/100\/revisions\/196"}],"wp:attachment":[{"href":"https:\/\/sv95ballstedt.de\/index.php?rest_route=%2Fwp%2Fv2%2Fmedia&parent=100"}],"curies":[{"name":"wp","href":"https:\/\/api.w.org\/{rel}","templated":true}]}}